{"id":767,"date":"2024-04-29T09:26:02","date_gmt":"2024-04-29T07:26:02","guid":{"rendered":"https:\/\/bozenawroblewska.pl\/?post_type=product&#038;p=767"},"modified":"2025-10-07T07:58:36","modified_gmt":"2025-10-07T05:58:36","slug":"dieta-dobrana-do-psa-lub-kota-kompleksowa-konsultacja-dietetyka-zwierzecego","status":"publish","type":"product","link":"https:\/\/bozenawroblewska.pl\/index.php\/produkt\/dieta-dobrana-do-psa-lub-kota-kompleksowa-konsultacja-dietetyka-zwierzecego\/","title":{"rendered":"Dieta dobrana do psa lub kota -kompleksowa konsultacja dietetyka zwierz\u0119cego"},"content":{"rendered":"<h2>Kompleksowa porada \u017cywieniowa dietetyka zwierz\u0119cego dla psa \/ kota zdrowego lub chorego na trzustk\u0119, w\u0105trob\u0119, cukrzyc\u0119, nerki, nowotw\u00f3r, alergi\u0119, nietolerancj\u0119 pokarmow\u0105, kamic\u0119, zaburzenia jelitowe, z nadwag\u0105\/ oty\u0142ego, inne.<\/h2>\n<p>w oparciu o ankiet\u0119 dla psa lub kota wype\u0142nion\u0105 przez w\u0142a\u015bciciela oraz wyniki bada\u0144 i zdj\u0119cia zwierz\u0119cia. Odpowiednia<strong> dla psa i kota w ka\u017cdym wieku: seniora, szczeni\u0119cia\/ koci\u0119cia, psa i kota doros\u0142ego, z nadwag\u0105, z chorobami przewodu pokarmowego (w tym w\u0105troby i trzustki), nerek,\u00a0 nadwag\u0105\/oty\u0142o\u015bci\u0105, alergiami czy nietolerancjami pokarmowymi.<\/strong><\/p>\n<p>Co zyskasz:<\/p>\n<ul>\n<li>\n<h4>czas dla swojego czworonogiego przyjaciela<\/h4>\n<\/li>\n<li>\n<h4><strong>kontakt ze specjalist\u0105 \u017cywienia bez wzgl\u0119du na miejsce zamieszkania,kt\u00f3ry odpowie na Twoje pytania<\/strong><\/h4>\n<\/li>\n<li>\n<h4>prawid\u0142owy schemat karmienia i pojenia psa\/ kota<\/h4>\n<\/li>\n<li>\n<h4>dobrany do psa kota posi\u0142ek<\/h4>\n<\/li>\n<li>\n<h4>dok\u0142adne wytyczne co do podawanej ilo\u015bci karmy\/ posi\u0142ku przygtoowywanego w domu<\/h4>\n<\/li>\n<li>\n<h4>wskazania do niezb\u0119dnej suplementacji diety<\/h4>\n<\/li>\n<\/ul>\n<p>Co oznacza to dla psa lub kota:<\/p>\n<ul>\n<li>\n<h4>ZDROWY TRYB \u017bYWIENIA co wp\u0142ywa na popraw\u0119 stanu zdrowia<\/h4>\n<\/li>\n<li>\n<h4>LEPSZE SAMOPOCZUCIE<\/h4>\n<\/li>\n<li>\n<h4>PRAWID\u0141OWE WYPR\u00d3\u017bNIENIA<\/h4>\n<\/li>\n<\/ul>\n<h4><\/h4>\n<p>Porada te\u017c przeznaczona jest dla os\u00f3b pragn\u0105cych zdrowo od\u017cywia\u0107 psa lub kota. Porada zawiera m.in.:<\/p>\n<ul>\n<li><em>Analiza obecnej diety i problem\u00f3w \u017cywieniowych psa lub kota, wynik\u00f3w bada\u0144, innych<\/em><\/li>\n<li><em>wyliczenie zapotrzebowania\u00a0 na energi\u0119; okre\u015blenie \u017ar\u00f3de\u0142 pochodzenia energii metabolicznej w optymalnej dla psa diecie<\/em><\/li>\n<li><em>Dok\u0142adna analiza sylwetki, okre\u015blenie nadwagi\/niedowagi;<\/em><\/li>\n<li><strong><em>Stworzenie diety do psa\/kota \u2013 rekomendacje karm gotowych (3 r\u00f3\u017cne) lub propozycja diety gotowanej (1 przepis na posi\u0142ek dla psa lub kota), dob\u00f3r przysmak\u00f3w, rekomendacja suplement\u00f3w\u00a0<\/em><\/strong><\/li>\n<li><strong><em>Instrukcje przygotowywania i podawania posi\u0142k\u00f3w, wody lub ewentualnych suplement\u00f3w<\/em><\/strong><\/li>\n<\/ul>\n<p>Klient otrzymuje w\/w konsultacj\u0119 w postaci spisanej porady, jak r\u00f3wnie\u017c odbywa konsultacj\u0119 telefoniczn\u0105\/ video\/ osobi\u015bcie do<strong> 45 minut gratis.<\/strong> Ka\u017cde kolejne 30 minut jest p\u0142atne dodatkowo.<\/p>\n<p>Po otrzymaniu porady<strong> dodatkowo gratis<\/strong> klient otrzymuje wsparcie w zmianie diety (w zakresie udzielonej porady) &#8211; odpowiedzi na do 5 pyta\u0144 mailowych.<\/p>\n<p>Porada zostanie przygotowana <strong>do 7 dni od otrzymania wype\u0142nionego kwestionariusza oraz zdj\u0119\u0107 i informacji<\/strong>. Po zakupie us\u0142ugi klient otrzyma maila w informacj\u0105, co powinien wype\u0142ni\u0107 i jakie zdj\u0119cia\/dodatkowe informacje za\u0142\u0105czy\u0107.<\/p>\n<p>Je\u015bli masz w\u0105tpliwo\u015bci, zadaj pytanie na: kontakt@bozenawroblewska.pl . Czytaj wi\u0119cej na stronie: <a href=\"http:\/\/bozenawroblewska.pl\" target=\"_blank\" rel=\"noopener\">bozenawroblewska.pl\u00a0<\/a><\/p>\n<p>Co zrobi\u0107:<\/p>\n<ol>\n<li>kup porad\u0119<\/li>\n<li>zap\u0142a\u0107 on-line\/ p\u0142atno\u015b\u0107 natychmiastowa lub przelewem (musisz zap\u0142aci\u0107 najp\u00f3\u017aniej przed udzieleniem porady i przes\u0142aniem kwestionariusza)<\/li>\n<li>otrzymasz kwestionariusz i pro\u015bb\u0119 o dodatkowe informacje, wype\u0142nij jak najszybciej<\/li>\n<li>w ci\u0105gu 7 dni od przes\u0142ania materia\u0142\u00f3w otrzymasz porad\u0119 oraz propozycj\u0119 terminu rozmowy telefonicznej. W przypadku braku akceptacji proponowanych termin\u00f3w rozmowy telefonicznej porada zostanie uznana za zrealizowan\u0105 po przygotowaniu pisemnej diety.<\/li>\n<\/ol>\n<p><strong>Masz mo\u017cliwo\u015b\u0107 odst\u0105pienia od zakupu do czasu przes\u0142ania wype\u0142nionego kwestionariusza.\u00a0 Po spe\u0142nieniu \u015bwiadczenia Konsument traci prawo do odst\u0105pienia od umowy.<\/strong><\/p>\n<p>w\/w cena dotyczy 1 psa lub 1 kota W przypadku pacjent\u00f3w b\u0119d\u0105cych pod sta\u0142\u0105 opiek\u0105 ceny kolejnych konsultacji s\u0105 ustalane indywidualnie. W przypadku konieczno\u015bci stworzenia nowej receptury jest ona r\u00f3wnie\u017c p\u0142atna dodatkowo.<\/p>\n","protected":false},"excerpt":{"rendered":"<p>Kompleksowa porada \u017cywieniowa dietetyka zwierz\u0119cego dla psa \/ kota zdrowego lub chorego na trzustk\u0119, w\u0105trob\u0119, cukrzyc\u0119, nerki, nowotw\u00f3r, alergi\u0119, nietolerancj\u0119 pokarmow\u0105, kamic\u0119, zaburzenia jelitowe, z nadwag\u0105\/ oty\u0142ego, inne. w oparciu o ankiet\u0119 dla psa lub kota wype\u0142nion\u0105 przez w\u0142a\u015bciciela oraz wyniki bada\u0144 i zdj\u0119cia zwierz\u0119cia. Odpowiednia dla psa i kota w ka\u017cdym wieku: seniora, szczeni\u0119cia\/&hellip; <br \/> <a class=\"read-more\" href=\"https:\/\/bozenawroblewska.pl\/index.php\/produkt\/dieta-dobrana-do-psa-lub-kota-kompleksowa-konsultacja-dietetyka-zwierzecego\/\">Czytaj dalej<\/a><\/p>\n","protected":false},"featured_media":653,"template":"","meta":{"_seopress_robots_primary_cat":"none","_seopress_titles_title":"","_seopress_titles_desc":"","_seopress_robots_index":""},"product_cat":[23],"product_tag":[],"_links":{"self":[{"href":"https:\/\/bozenawroblewska.pl\/index.php\/wp-json\/wp\/v2\/product\/767"}],"collection":[{"href":"https:\/\/bozenawroblewska.pl\/index.php\/wp-json\/wp\/v2\/product"}],"about":[{"href":"https:\/\/bozenawroblewska.pl\/index.php\/wp-json\/wp\/v2\/types\/product"}],"wp:featuredmedia":[{"embeddable":true,"href":"https:\/\/bozenawroblewska.pl\/index.php\/wp-json\/wp\/v2\/media\/653"}],"wp:attachment":[{"href":"https:\/\/bozenawroblewska.pl\/index.php\/wp-json\/wp\/v2\/media?parent=767"}],"wp:term":[{"taxonomy":"product_cat","embeddable":true,"href":"https:\/\/bozenawroblewska.pl\/index.php\/wp-json\/wp\/v2\/product_cat?post=767"},{"taxonomy":"product_tag","embeddable":true,"href":"https:\/\/bozenawroblewska.pl\/index.php\/wp-json\/wp\/v2\/product_tag?post=767"}],"curies":[{"name":"wp","href":"https:\/\/api.w.org\/{rel}","templated":true}]}}