{"id":959,"date":"2024-06-22T14:31:30","date_gmt":"2024-06-22T12:31:30","guid":{"rendered":"https:\/\/bozenawroblewska.pl\/?post_type=product&#038;p=959"},"modified":"2025-10-07T07:55:42","modified_gmt":"2025-10-07T05:55:42","slug":"kompleksowa-konsultacja-psychodietetyczna-dla-psa-90-minut","status":"publish","type":"product","link":"https:\/\/bozenawroblewska.pl\/index.php\/produkt\/kompleksowa-konsultacja-psychodietetyczna-dla-psa-90-minut\/","title":{"rendered":"Kompleksowa konsultacja psychodietetyczna dla psa 90 minut"},"content":{"rendered":"<h1>Zapraszam na konsultacje on-line\/ telefoniczne na temat prawid\u0142owego \u017cywienia psa lub kota z dietetykiem zwierz\u0119cym i behawioryst\u0105<\/h1>\n<p>&nbsp;<\/p>\n<p><strong>Konsultacja sk\u0142ada si\u0119 z 2 cz\u0119\u015bci: <\/strong><\/p>\n<p><strong>CZ\u0118\u015a\u0106 1: 45-minutowa konsultacja \u017cywieniowa<\/strong> \u2013 rozmowa telefoniczna nt. prawid\u0142owej diety dla psa<\/p>\n<ul>\n<li>problem\u00f3w \u017cywieniowych zwierz\u0119cia,<\/li>\n<li>wyliczenie zapotrzebowania energetycznego psa \/kota, okre\u015blenie czy waga jest prawid\u0142owa (w miar\u0119 mo\u017cliwo\u015bci na podstawie zdj\u0119cia i pomiaru wykonanego przez Klienta),<\/li>\n<li>okre\u015blenie zalece\u0144 dietetycznych w zakresie zapotrzebowania energetycznego psa oraz mo\u017cliwych ogranicze\u0144 \u017cywieniowych.<\/li>\n<li>Porada zawiera wskaz\u00f3wki dotycz\u0105ce zwyczaj\u00f3w karmienia, rodzaj\u00f3w produkt\u00f3w, warto\u015bci energetycznej, optymalnego zapotrzebowania na sk\u0142adniki od\u017cywcze, na co zwraca\u0107 uwag\u0119 na etykiecie karmy. Pomoc w doborze suplement\u00f3w czy przysmak\u00f3w do psa.<\/li>\n<\/ul>\n<p><strong>Cena nie obejmuje stworzenia diety dopasowanej dla psa kota lub porady w zakresie konkretnej karmy<\/strong><\/p>\n<p>Odpowiednia<strong> dla psa i kota w ka\u017cdym wieku: seniora, szczeni\u0119cia\/ koci\u0119cia, psa i kota doros\u0142ego, z nadwag\u0105, z chorobami przewodu pokarmowego (w tym w\u0105troby i trzustki), nerek,\u00a0 nadwag\u0105\/oty\u0142o\u015bci\u0105, alergiami czy nietolerancjami pokarmowymi.<\/strong><\/p>\n<p>&nbsp;<\/p>\n<p><strong>CZ\u0118\u015a\u0106 1: 45-minutowa konsultacja behawioralna<\/strong>\u2013 rozmowa telefoniczna nt. zachowa\u0144 psa<\/p>\n<p>Z jakimi problemami mo\u017cesz si\u0119 zg\u0142asza\u0107:<\/p>\n<p>&#8211; wychowanie szczeniaka i problemy wyst\u0119puj\u0105ce w okresie wzrostu (np. zanieczyszczanie pomieszcze\u0144, gryzienie przedmiot\u00f3w),<\/p>\n<p>&#8211; zachowania l\u0119kowe \/ agresywne \u2013 w\u00f3wczas nale\u017cy za\u0142o\u017cy\u0107, i\u017c w wielu przypadkach problem b\u0119dzie wymaga\u0142 dalszej terapii<\/p>\n<p>&#8211; ci\u0105gni\u0119cie na smyczy<\/p>\n<p>&#8211; pomoc w wyborze psa i wprowadzeniu go do domu<\/p>\n<p>&#8211; socjalizacja i zabawa<\/p>\n<p>&#8211; adopcja psa ze schroniska.<\/p>\n<p>Czas trwania konsultacji telefonicznej\/on-line to ok. 45 minut. Przed konsultacj\u0105 konieczne jest wype\u0142nienie i przes\u0142anie formularza konsultacji.\u00a0 W trakcie konsultacji zostan\u0105 om\u00f3wione tematy wskazane jako problematyczne. Behawiorysta r\u00f3wnie\u017c mo\u017ce zada\u0107 dodatkowe pytania.<\/p>\n<p>Nie wszystkie problemy da si\u0119 rozwi\u0105za\u0107 on-line\/ telefonicznie. W\u00f3wczas specjalista doradzi, co mo\u017cna zrobi\u0107 przed konsultacj\u0105 stacjonarn\u0105, aby obecna sytuacja uleg\u0142a poprawie.<\/p>\n<p>&nbsp;<\/p>\n<p><strong>Po konsultacji telefonicznej w ci\u0105gu 3 dni roboczych otrzymasz spisane zalecenia.<\/strong><\/p>\n<p><strong>Kompleksowa konsultacja psychodietetyczna ma wiele plus\u00f3w, kt\u00f3ry nie maj\u0105 standardowe konsultacje:<\/strong><\/p>\n<p>&#8211; kompleksowe podej\u015bcie do psa<\/p>\n<p>&#8211; wiele zachowa\u0144 wynika z b\u0142\u0119d\u00f3w \u017cywieniowych lub niew\u0142a\u015bciwego systemu nagr\u00f3d\/kar<\/p>\n<p>&nbsp;<\/p>\n<p>Zyskujesz porad\u0119 od Bo\u017ceny Wr\u00f3blewskiej, kt\u00f3ra jest hodowc\u0105 ras ma\u0142ych i du\u017cych (psy trudne w u\u0142o\u017ceniu, silne, dominuj\u0105ce), posiada stado 9 ps\u00f3w i no co dzie\u0144 rozwi\u0105zuje problemy pojawiaj\u0105ce si\u0119 w trakcie ich \u017cycia w domu. Wspiera\u0142a jako hodowca przysz\u0142ych opiekun\u00f3w w zakresie doboru, wychowania i \u017cywienia psa. To dyplomowany psycholog, certyfikowany zoopsycholog, behawiorysta, dietetyk zwierz\u0119cy.\u00a0 Jej porady s\u0105 oparte na wiedzy, ale te\u017c wieloletniej praktyce.<\/p>\n<p>Porada te\u017c przeznaczona jest dla os\u00f3b pragn\u0105cych zdrowo od\u017cywia\u0107 psa lub kota.<\/p>\n<p>Po zakupie us\u0142ugi klient otrzyma maila w informacj\u0105, jakie informacje dostarczy\u0107 przed konsultacj\u0105 i jakie zdj\u0119cia\/dodatkowe informacje za\u0142\u0105czy\u0107.<\/p>\n<p>Je\u015bli masz w\u0105tpliwo\u015bci, zadaj pytanie na: kontakt@bozenawroblewska.pl . Czytaj wi\u0119cej: <a href=\"https:\/\/bozenawroblewska.pl\/index.php\/o-mnie-dietetyk-zwierzecy\/\" target=\"_blank\" rel=\"noopener\">bozenawroblewska.pl\u00a0<\/a><\/p>\n<p>Co zrobi\u0107:<\/p>\n<ol>\n<li>kup porad\u0119<\/li>\n<li>zap\u0142a\u0107(musisz zap\u0142aci\u0107 najp\u00f3\u017aniej przed udzieleniem porady i przes\u0142aniem kwestionariusza)<\/li>\n<li>otrzymasz pro\u015bb\u0119 o dodatkowe informacje, wype\u0142nij jak najszybciej (formularze)<\/li>\n<li>w ci\u0105gu 7 dni od przes\u0142ania materia\u0142\u00f3w otrzymasz propozycj\u0119 terminu rozmowy telefonicznej lub video<\/li>\n<li>przygotuj list\u0119 pyta\u0144 do zadania przed spotkaniem<\/li>\n<\/ol>\n<p><strong>Masz mo\u017cliwo\u015b\u0107 odst\u0105pienia od zakupu do czasu przes\u0142ania wype\u0142nionego kwestionariusza.\u00a0 Po spe\u0142nieniu \u015bwiadczenia Konsument traci prawo do odst\u0105pienia od umowy.<\/strong><\/p>\n<p>w\/w cena dotyczy 1 psa lub 1 kota.<\/p>\n<p>&nbsp;<\/p>\n<h2 class=\"has-text-align-center\">O mnie &#8211; m\u00f3wi Bo\u017cena Wr\u00f3blewska<\/h2>\n<h2 class=\"has-text-align-center\">Psi\/koci dietetyk, specjalista \u017cywienia ps\u00f3w i kot\u00f3w, behawiorysta<\/h2>\n<p>Nazywam si\u0119 Bo\u017cena Wr\u00f3blewska.\u00a0<strong>Moja pasja do zwierz\u0105t zacz\u0119\u0142a si\u0119 w dzieci\u0144stwie. Odk\u0105d pami\u0119tam w moim domu zawsze by\u0142 pies lub inne zwierz\u0119. Uko\u0144czy\u0142am psychologi\u0119. Za\u0142o\u017cy\u0142am hodowl\u0119 ps\u00f3w rasowych zarejestrowan\u0105 w ZKWP \u2013 Zwi\u0105zek Kynologiczny w Polsce.<\/strong>\u00a0Uko\u0144czy\u0142am liczne kursy i szkolenia zwi\u0105zane z wychowywaniem zwierz\u0105t oraz ich \u017cywieniem.<\/p>\n<h2><strong>Promuj\u0119 zdrowe \u017cywienie ps\u00f3w i kot\u00f3w oraz pomagam w\u0142a\u015bcicielom ps\u00f3w i kot\u00f3w w podejmowaniu dzia\u0142a\u0144 maj\u0105cych poprawi\u0107 jako\u015b\u0107 wsp\u00f3lnego \u017cycia<\/strong>. Dietetyk zwierz\u0119cy to odpowiedzialne zaj\u0119cie. Uk\u0142adam diety dla zwierz\u0105t zdrowych i chorych (o specjalnych potrzebach \u017cywieniowych).<\/h2>\n<p>Jako hodowca ps\u00f3w do\u015bwiadczy\u0142am wielu problem\u00f3w zwi\u0105zanych z \u017cywieniem i wychowywaniem zwierz\u0105t. Podobnie moi znajomi i klienci. Udzielam porad w zakresie problem\u00f3w i pyta\u0144 zg\u0142aszanych przez klient\u00f3w:<\/p>\n<ul>\n<li>czym karmi\u0107 psa kota: mi\u0119sem, karm\u0105, posi\u0142kami gotowanymi<\/li>\n<li>jakie s\u0105 choroby zwi\u0105zane z nieprawid\u0142owym \u017cywieniem ps\u00f3w i kot\u00f3w<\/li>\n<li>jakie dzia\u0142ania profilaktyczne podejmowa\u0107, aby nie pope\u0142nia\u0107 b\u0142\u0119d\u00f3w dietetycznych<\/li>\n<li>prowadz\u0119 ci\u0105g\u0142y monitoring prawid\u0142owo\u015bci wzrostu szczeni\u0105t i koci\u0105t<\/li>\n<li>udzielam porad w\u0142a\u015bcicielom szczeni\u0105t i koci\u0105t w zakresie odpowiedniej diety dla psa i kota<\/li>\n<li>konsultuj\u0119 problemy powi\u0105zane z \u017cywieniem w kontek\u015bcie diety: \u015bwi\u0105d, zapach psa, kota, nawracaj\u0105ce zapalenia uszu, wysypki sk\u00f3rne<\/li>\n<li>profilaktyka biegunek i wzd\u0119\u0107 u psa lub kota jako wyniku b\u0142\u0119d\u00f3w \u017cywieniowych<\/li>\n<li>nadwaga, oty\u0142o\u015b\u0107 lub chudni\u0119cie u ps\u00f3w<\/li>\n<li>\u017cywienie psa w chorobach onkologicznych lub w stanie wychudzenia<\/li>\n<li>zachowania l\u0119kowe lub agresywne<\/li>\n<li>dob\u00f3r psa do oczekiwa\u0144 i profilu w\u0142a\u015bciciela<\/li>\n<li>wyszukiwanie psa w hodowlach<\/li>\n<li>zajmowanie si\u0119 zwierz\u0119tami tworz\u0105cymi stado, wprowadzanie nowych zwierz\u0105t do stada<\/li>\n<li>zaburzenia separacyjne u zwierz\u0105t<\/li>\n<li>i wiele innych<\/li>\n<\/ul>\n<p>Doradzam jako specjalista \u017cywienia psom i kotom (psi i koci dietetyk), behawiorysta \/ zoopsycholog.\u00a0 Uk\u0142adam diety dla firm produkcyjnych.<\/p>\n<p><strong>Uwa\u017cam, \u017ce na psa i kota trzeba patrze\u0107 kompleksowo \u2013 cz\u0119sto problemy s\u0105 powi\u0105zane. Szczeg\u00f3lnie wa\u017cna jest wsp\u00f3\u0142praca z lekarzem weterynarii<\/strong>\u00a0\u2013 maj\u0105c chore zwierz\u0119 musimy dobra\u0107 odpowiedni\u0105 diet\u0119, jak r\u00f3wnie\u017c poddawa\u0107 je regularnym kontrolom stanu zdrowia.<\/p>\n<p>Moje kwalifikacje zawodowe zwi\u0105zane z dietetyk\u0105 zwierz\u0105t oraz ich wychowaniem zdobywa\u0142am w trakcie studi\u00f3w, kurs\u00f3w zawodowych, konferencji, kurs\u00f3w, webinar\u00f3w, samoedukacji poprzez czytanie literatury polskiej i zagranicznej.\u00a0<strong>Wybrane kursy i szkolenia zawodowe uko\u0144czone przeze mnie, posiadane certyfikaty zawodowe:<\/strong><\/p>\n<ul>\n<li><strong><em>Mgr psycholog<\/em><\/strong><\/li>\n<li><strong><em>Dietetyk zwierz\u0119cy<\/em><\/strong><\/li>\n<li><strong><em>Zoopsycholog<\/em><\/strong><\/li>\n<li><strong><em>Behawiorysta zwierz\u0105t<\/em><\/strong><\/li>\n<li><strong><em>Pierwsza pomoc dla ps\u00f3w i kot\u00f3w i profilaktyka weterynaryjna<\/em><\/strong><\/li>\n<li><strong><em>Skuteczna terapia behawioralna kot\u00f3w z problemem kuwetowym<\/em><\/strong><\/li>\n<li><strong><em>Terapia ps\u00f3w z zaburzeniami separacyjnymi<\/em><\/strong><\/li>\n<li><strong><em>Terapia ps\u00f3w z zaburzeniami behawioralnymi III \u2013 poziom zaawansowany<\/em><\/strong><\/li>\n<li><em><strong>Dotyk z komunikacji z psem \u2013 Michele Minunno<\/strong><\/em><\/li>\n<li><em><strong>Medyczne i behawioralne spojrzenie na skutki kastracji u ps\u00f3w \u2013 dr. Amber Batson<\/strong><\/em><\/li>\n<li><em><strong>Strategie modyfikacji behawioralnej w przypadkach agresji u ps\u00f3w\u00a0<\/strong><\/em><strong>Michael Shikashio<\/strong><\/li>\n<li><strong><em>Znaczenie olfakcyjne u ps\u00f3w\u00a0 Michele Minunno<\/em><\/strong><\/li>\n<\/ul>\n","protected":false},"excerpt":{"rendered":"<p>Zapraszam na konsultacje on-line\/ telefoniczne na temat prawid\u0142owego \u017cywienia psa lub kota z dietetykiem zwierz\u0119cym i behawioryst\u0105 &nbsp; Konsultacja sk\u0142ada si\u0119 z 2 cz\u0119\u015bci: CZ\u0118\u015a\u0106 1: 45-minutowa konsultacja \u017cywieniowa \u2013 rozmowa telefoniczna nt. prawid\u0142owej diety dla psa problem\u00f3w \u017cywieniowych zwierz\u0119cia, wyliczenie zapotrzebowania energetycznego psa \/kota, okre\u015blenie czy waga jest prawid\u0142owa (w miar\u0119 mo\u017cliwo\u015bci na podstawie&hellip; <br \/> <a class=\"read-more\" href=\"https:\/\/bozenawroblewska.pl\/index.php\/produkt\/kompleksowa-konsultacja-psychodietetyczna-dla-psa-90-minut\/\">Czytaj dalej<\/a><\/p>\n","protected":false},"featured_media":962,"template":"","meta":{"_seopress_robots_primary_cat":"none","_seopress_titles_title":"","_seopress_titles_desc":"","_seopress_robots_index":""},"product_cat":[28],"product_tag":[],"_links":{"self":[{"href":"https:\/\/bozenawroblewska.pl\/index.php\/wp-json\/wp\/v2\/product\/959"}],"collection":[{"href":"https:\/\/bozenawroblewska.pl\/index.php\/wp-json\/wp\/v2\/product"}],"about":[{"href":"https:\/\/bozenawroblewska.pl\/index.php\/wp-json\/wp\/v2\/types\/product"}],"wp:featuredmedia":[{"embeddable":true,"href":"https:\/\/bozenawroblewska.pl\/index.php\/wp-json\/wp\/v2\/media\/962"}],"wp:attachment":[{"href":"https:\/\/bozenawroblewska.pl\/index.php\/wp-json\/wp\/v2\/media?parent=959"}],"wp:term":[{"taxonomy":"product_cat","embeddable":true,"href":"https:\/\/bozenawroblewska.pl\/index.php\/wp-json\/wp\/v2\/product_cat?post=959"},{"taxonomy":"product_tag","embeddable":true,"href":"https:\/\/bozenawroblewska.pl\/index.php\/wp-json\/wp\/v2\/product_tag?post=959"}],"curies":[{"name":"wp","href":"https:\/\/api.w.org\/{rel}","templated":true}]}}